{"id":80,"date":"2015-10-14T21:25:10","date_gmt":"2015-10-14T19:25:10","guid":{"rendered":"https:\/\/tusgermania-bruchhausen.de\/wordpress\/?page_id=80"},"modified":"2026-02-22T14:50:59","modified_gmt":"2026-02-22T13:50:59","slug":"freizeitsport-kinder","status":"publish","type":"page","link":"https:\/\/tusgermania-bruchhausen.de\/?page_id=80","title":{"rendered":"Freizeitsport Kinder"},"content":{"rendered":"<h1>Turn-Spiel-Gruppe<\/h1>\n<p>Montags 16.30-17.30<br \/>\u00dcbungsleiter: Marie Busch, Tina Wienand<\/p>\n<p><a href=\"https:\/\/tusgermania-bruchhausen.de\/?attachment_id=1390\" rel=\"attachment wp-att-1390\"><img fetchpriority=\"high\" decoding=\"async\" class=\"aligncenter size-large wp-image-1390\" src=\"https:\/\/tusgermania-bruchhausen.de\/wp-content\/uploads\/2026\/02\/Tina_4-6JaehrigeKinderturnen-1024x576.jpg\" alt=\"\" width=\"640\" height=\"360\" srcset=\"https:\/\/tusgermania-bruchhausen.de\/wp-content\/uploads\/2026\/02\/Tina_4-6JaehrigeKinderturnen-1024x576.jpg 1024w, https:\/\/tusgermania-bruchhausen.de\/wp-content\/uploads\/2026\/02\/Tina_4-6JaehrigeKinderturnen-300x169.jpg 300w, https:\/\/tusgermania-bruchhausen.de\/wp-content\/uploads\/2026\/02\/Tina_4-6JaehrigeKinderturnen-768x432.jpg 768w, https:\/\/tusgermania-bruchhausen.de\/wp-content\/uploads\/2026\/02\/Tina_4-6JaehrigeKinderturnen-1536x864.jpg 1536w, https:\/\/tusgermania-bruchhausen.de\/wp-content\/uploads\/2026\/02\/Tina_4-6JaehrigeKinderturnen-2048x1152.jpg 2048w, https:\/\/tusgermania-bruchhausen.de\/wp-content\/uploads\/2026\/02\/Tina_4-6JaehrigeKinderturnen-480x270.jpg 480w\" sizes=\"(max-width: 640px) 100vw, 640px\" \/><\/a><a href=\"https:\/\/tusgermania-bruchhausen.de\/?attachment_id=1392\" rel=\"attachment wp-att-1392\"><img decoding=\"async\" class=\"aligncenter size-large wp-image-1392\" src=\"https:\/\/tusgermania-bruchhausen.de\/wp-content\/uploads\/2026\/02\/TSG_Tina1-1024x768.jpg\" alt=\"\" width=\"640\" height=\"480\" srcset=\"https:\/\/tusgermania-bruchhausen.de\/wp-content\/uploads\/2026\/02\/TSG_Tina1-1024x768.jpg 1024w, https:\/\/tusgermania-bruchhausen.de\/wp-content\/uploads\/2026\/02\/TSG_Tina1-300x225.jpg 300w, https:\/\/tusgermania-bruchhausen.de\/wp-content\/uploads\/2026\/02\/TSG_Tina1-768x576.jpg 768w, https:\/\/tusgermania-bruchhausen.de\/wp-content\/uploads\/2026\/02\/TSG_Tina1-1536x1152.jpg 1536w, https:\/\/tusgermania-bruchhausen.de\/wp-content\/uploads\/2026\/02\/TSG_Tina1-2048x1536.jpg 2048w, https:\/\/tusgermania-bruchhausen.de\/wp-content\/uploads\/2026\/02\/TSG_Tina1-360x270.jpg 360w\" sizes=\"(max-width: 640px) 100vw, 640px\" \/><\/a><\/p>\n<h1><a href=\"https:\/\/tusgermania-bruchhausen.de\/?attachment_id=1393\" rel=\"attachment wp-att-1393\"><img decoding=\"async\" class=\"aligncenter size-large wp-image-1393\" src=\"https:\/\/tusgermania-bruchhausen.de\/wp-content\/uploads\/2026\/02\/TSG_Tina3-1024x752.jpg\" alt=\"\" width=\"640\" height=\"470\" srcset=\"https:\/\/tusgermania-bruchhausen.de\/wp-content\/uploads\/2026\/02\/TSG_Tina3-1024x752.jpg 1024w, https:\/\/tusgermania-bruchhausen.de\/wp-content\/uploads\/2026\/02\/TSG_Tina3-300x220.jpg 300w, https:\/\/tusgermania-bruchhausen.de\/wp-content\/uploads\/2026\/02\/TSG_Tina3-768x564.jpg 768w, https:\/\/tusgermania-bruchhausen.de\/wp-content\/uploads\/2026\/02\/TSG_Tina3-1536x1127.jpg 1536w, https:\/\/tusgermania-bruchhausen.de\/wp-content\/uploads\/2026\/02\/TSG_Tina3-2048x1503.jpg 2048w, https:\/\/tusgermania-bruchhausen.de\/wp-content\/uploads\/2026\/02\/TSG_Tina3-368x270.jpg 368w\" sizes=\"(max-width: 640px) 100vw, 640px\" \/><\/a><\/h1>\n\n\n\n<h1>Eltern-Kind Turnen<\/h1>\n<p align=\"justify\">Durch Bewegungsanregungen soll die Entwicklung der Kleinen bereichert werden. Mit einer vertrauten Bezugsperson sind die Kinder schon fr\u00fch in der Lage,auch in einer zun\u00e4chst fremden Umgebung (Turnhalle und andere Teilnehmer), selbst Bewegungsaltivit\u00e4ten und Spielr\u00e4ume zu erforschen. Es geht nicht darum, bestimmte Bewegungsformen gezielt zu \u00fcben, sondern abwechlungsreiche Bewegungsgelegenheiten zu schaffen, in denen sie sich frei bewegen k\u00f6nnen.<\/p>\n<p align=\"justify\">Zusatzinfos:<\/p>\n<p align=\"justify\">Mittwochs 16-17Uhr<br \/>Kind und das mitgehende Elternteil, muss im Sportverein angemeldet sein.<br \/>Ab ca. 1 Jahr<\/p>\n<p align=\"justify\"><a href=\"https:\/\/tusgermania-bruchhausen.de\/?attachment_id=1383\" rel=\"attachment wp-att-1383\"><img loading=\"lazy\" decoding=\"async\" class=\"aligncenter size-large wp-image-1383\" src=\"https:\/\/tusgermania-bruchhausen.de\/wp-content\/uploads\/2026\/02\/Lena_ElterKind_2-1024x768.jpg\" alt=\"\" width=\"640\" height=\"480\" srcset=\"https:\/\/tusgermania-bruchhausen.de\/wp-content\/uploads\/2026\/02\/Lena_ElterKind_2-1024x768.jpg 1024w, https:\/\/tusgermania-bruchhausen.de\/wp-content\/uploads\/2026\/02\/Lena_ElterKind_2-300x225.jpg 300w, https:\/\/tusgermania-bruchhausen.de\/wp-content\/uploads\/2026\/02\/Lena_ElterKind_2-768x576.jpg 768w, https:\/\/tusgermania-bruchhausen.de\/wp-content\/uploads\/2026\/02\/Lena_ElterKind_2-1536x1152.jpg 1536w, https:\/\/tusgermania-bruchhausen.de\/wp-content\/uploads\/2026\/02\/Lena_ElterKind_2-2048x1536.jpg 2048w, https:\/\/tusgermania-bruchhausen.de\/wp-content\/uploads\/2026\/02\/Lena_ElterKind_2-360x270.jpg 360w\" sizes=\"(max-width: 640px) 100vw, 640px\" \/><\/a><a href=\"https:\/\/tusgermania-bruchhausen.de\/?attachment_id=1384\" rel=\"attachment wp-att-1384\"><img loading=\"lazy\" decoding=\"async\" class=\"aligncenter size-large wp-image-1384\" src=\"https:\/\/tusgermania-bruchhausen.de\/wp-content\/uploads\/2026\/02\/LenaElternKind3-1024x768.jpg\" alt=\"\" width=\"640\" height=\"480\" srcset=\"https:\/\/tusgermania-bruchhausen.de\/wp-content\/uploads\/2026\/02\/LenaElternKind3-1024x768.jpg 1024w, https:\/\/tusgermania-bruchhausen.de\/wp-content\/uploads\/2026\/02\/LenaElternKind3-300x225.jpg 300w, https:\/\/tusgermania-bruchhausen.de\/wp-content\/uploads\/2026\/02\/LenaElternKind3-768x576.jpg 768w, https:\/\/tusgermania-bruchhausen.de\/wp-content\/uploads\/2026\/02\/LenaElternKind3-1536x1152.jpg 1536w, https:\/\/tusgermania-bruchhausen.de\/wp-content\/uploads\/2026\/02\/LenaElternKind3-2048x1536.jpg 2048w, https:\/\/tusgermania-bruchhausen.de\/wp-content\/uploads\/2026\/02\/LenaElternKind3-360x270.jpg 360w\" sizes=\"(max-width: 640px) 100vw, 640px\" \/><\/a><\/p>\n<hr \/>\n<h1 align=\"justify\"><strong>Spiel und Spa\u00df f\u00fcr Grundsch\u00fcler(innen)<\/strong><\/h1>\n<p>Mittwochs 17-18 Uhr<\/p>\n<p><a href=\"https:\/\/tusgermania-bruchhausen.de\/?attachment_id=1386\" rel=\"attachment wp-att-1386\"><img loading=\"lazy\" decoding=\"async\" class=\"aligncenter size-large wp-image-1386\" src=\"https:\/\/tusgermania-bruchhausen.de\/wp-content\/uploads\/2026\/02\/LioTanja3-768x1024.jpeg\" alt=\"\" width=\"640\" height=\"853\" srcset=\"https:\/\/tusgermania-bruchhausen.de\/wp-content\/uploads\/2026\/02\/LioTanja3-768x1024.jpeg 768w, https:\/\/tusgermania-bruchhausen.de\/wp-content\/uploads\/2026\/02\/LioTanja3-225x300.jpeg 225w, https:\/\/tusgermania-bruchhausen.de\/wp-content\/uploads\/2026\/02\/LioTanja3-1152x1536.jpeg 1152w, https:\/\/tusgermania-bruchhausen.de\/wp-content\/uploads\/2026\/02\/LioTanja3-1536x2048.jpeg 1536w, https:\/\/tusgermania-bruchhausen.de\/wp-content\/uploads\/2026\/02\/LioTanja3-203x270.jpeg 203w, https:\/\/tusgermania-bruchhausen.de\/wp-content\/uploads\/2026\/02\/LioTanja3-scaled.jpeg 1920w\" sizes=\"(max-width: 640px) 100vw, 640px\" \/><\/a><a href=\"https:\/\/tusgermania-bruchhausen.de\/?attachment_id=1385\" rel=\"attachment wp-att-1385\"><img loading=\"lazy\" decoding=\"async\" class=\"aligncenter size-large wp-image-1385\" src=\"https:\/\/tusgermania-bruchhausen.de\/wp-content\/uploads\/2026\/02\/LioTanja1-1024x768.jpeg\" alt=\"\" width=\"640\" height=\"480\" srcset=\"https:\/\/tusgermania-bruchhausen.de\/wp-content\/uploads\/2026\/02\/LioTanja1-1024x768.jpeg 1024w, https:\/\/tusgermania-bruchhausen.de\/wp-content\/uploads\/2026\/02\/LioTanja1-300x225.jpeg 300w, https:\/\/tusgermania-bruchhausen.de\/wp-content\/uploads\/2026\/02\/LioTanja1-768x576.jpeg 768w, https:\/\/tusgermania-bruchhausen.de\/wp-content\/uploads\/2026\/02\/LioTanja1-1536x1152.jpeg 1536w, https:\/\/tusgermania-bruchhausen.de\/wp-content\/uploads\/2026\/02\/LioTanja1-2048x1536.jpeg 2048w, https:\/\/tusgermania-bruchhausen.de\/wp-content\/uploads\/2026\/02\/LioTanja1-360x270.jpeg 360w\" sizes=\"(max-width: 640px) 100vw, 640px\" \/><\/a><\/p>\n\n\n\n","protected":false},"excerpt":{"rendered":"<p>Turn-Spiel-Gruppe Montags 16.30-17.30\u00dcbungsleiter: Marie Busch, Tina Wienand Eltern-Kind Turnen Durch Bewegungsanregungen soll die Entwicklung der Kleinen bereichert werden. Mit einer vertrauten Bezugsperson sind die Kinder schon fr\u00fch in der Lage,auch in einer zun\u00e4chst fremden Umgebung (Turnhalle und andere Teilnehmer), selbst Bewegungsaltivit\u00e4ten und Spielr\u00e4ume zu erforschen. Es geht nicht darum, bestimmte Bewegungsformen gezielt zu \u00fcben, sondern abwechlungsreiche Bewegungsgelegenheiten zu schaffen, in denen sie sich frei bewegen k\u00f6nnen. Zusatzinfos: Mittwochs 16-17UhrKind und das mitgehende Elternteil, muss im Sportverein angemeldet sein.Ab ca. 1&#8230;<\/p>\n<p class=\"read-more\"><a class=\"btn btn-default\" href=\"https:\/\/tusgermania-bruchhausen.de\/?page_id=80\">Weiterlesen<span class=\"screen-reader-text\"> Weiterlesen<\/span><\/a><\/p>\n","protected":false},"author":2,"featured_media":0,"parent":2,"menu_order":3,"comment_status":"closed","ping_status":"closed","template":"","meta":{"_cbd_carousel_blocks":"[]","footnotes":""},"class_list":["post-80","page","type-page","status-publish","hentry"],"yoast_head":"<!-- This site is optimized with the Yoast SEO plugin v27.6 - https:\/\/yoast.com\/product\/yoast-seo-wordpress\/ -->\n<title>Freizeitsport Kinder - TuS Germania Bruchhausen<\/title>\n<meta name=\"robots\" content=\"index, follow, max-snippet:-1, max-image-preview:large, max-video-preview:-1\" \/>\n<link rel=\"canonical\" href=\"https:\/\/tusgermania-bruchhausen.de\/?page_id=80\" \/>\n<meta property=\"og:locale\" content=\"de_DE\" \/>\n<meta property=\"og:type\" content=\"article\" \/>\n<meta property=\"og:title\" content=\"Freizeitsport Kinder - TuS Germania Bruchhausen\" \/>\n<meta property=\"og:description\" content=\"Turn-Spiel-Gruppe Montags 16.30-17.30\u00dcbungsleiter: Marie Busch, Tina Wienand Eltern-Kind Turnen Durch Bewegungsanregungen soll die Entwicklung der Kleinen bereichert werden. Mit einer vertrauten Bezugsperson sind die Kinder schon fr\u00fch in der Lage,auch in einer zun\u00e4chst fremden Umgebung (Turnhalle und andere Teilnehmer), selbst Bewegungsaltivit\u00e4ten und Spielr\u00e4ume zu erforschen. Es geht nicht darum, bestimmte Bewegungsformen gezielt zu \u00fcben, sondern abwechlungsreiche Bewegungsgelegenheiten zu schaffen, in denen sie sich frei bewegen k\u00f6nnen. Zusatzinfos: Mittwochs 16-17UhrKind und das mitgehende Elternteil, muss im Sportverein angemeldet sein.Ab ca. 1...Weiterlesen Weiterlesen\" \/>\n<meta property=\"og:url\" content=\"https:\/\/tusgermania-bruchhausen.de\/?page_id=80\" \/>\n<meta property=\"og:site_name\" content=\"TuS Germania Bruchhausen\" \/>\n<meta property=\"article:modified_time\" content=\"2026-02-22T13:50:59+00:00\" \/>\n<meta property=\"og:image\" content=\"https:\/\/tusgermania-bruchhausen.de\/wp-content\/uploads\/2026\/02\/Tina_4-6JaehrigeKinderturnen-scaled.jpg\" \/>\n\t<meta property=\"og:image:width\" content=\"2560\" \/>\n\t<meta property=\"og:image:height\" content=\"1440\" \/>\n\t<meta property=\"og:image:type\" content=\"image\/jpeg\" \/>\n<meta name=\"twitter:card\" content=\"summary_large_image\" \/>\n<meta name=\"twitter:label1\" content=\"Gesch\u00e4tzte Lesezeit\" \/>\n\t<meta name=\"twitter:data1\" content=\"2\u00a0Minuten\" \/>\n<script type=\"application\/ld+json\" class=\"yoast-schema-graph\">{\"@context\":\"https:\\\/\\\/schema.org\",\"@graph\":[{\"@type\":\"WebPage\",\"@id\":\"https:\\\/\\\/tusgermania-bruchhausen.de\\\/?page_id=80\",\"url\":\"https:\\\/\\\/tusgermania-bruchhausen.de\\\/?page_id=80\",\"name\":\"Freizeitsport Kinder - TuS Germania Bruchhausen\",\"isPartOf\":{\"@id\":\"https:\\\/\\\/tusgermania-bruchhausen.de\\\/#website\"},\"primaryImageOfPage\":{\"@id\":\"https:\\\/\\\/tusgermania-bruchhausen.de\\\/?page_id=80#primaryimage\"},\"image\":{\"@id\":\"https:\\\/\\\/tusgermania-bruchhausen.de\\\/?page_id=80#primaryimage\"},\"thumbnailUrl\":\"https:\\\/\\\/tusgermania-bruchhausen.de\\\/wp-content\\\/uploads\\\/2026\\\/02\\\/Tina_4-6JaehrigeKinderturnen-1024x576.jpg\",\"datePublished\":\"2015-10-14T19:25:10+00:00\",\"dateModified\":\"2026-02-22T13:50:59+00:00\",\"breadcrumb\":{\"@id\":\"https:\\\/\\\/tusgermania-bruchhausen.de\\\/?page_id=80#breadcrumb\"},\"inLanguage\":\"de\",\"potentialAction\":[{\"@type\":\"ReadAction\",\"target\":[\"https:\\\/\\\/tusgermania-bruchhausen.de\\\/?page_id=80\"]}]},{\"@type\":\"ImageObject\",\"inLanguage\":\"de\",\"@id\":\"https:\\\/\\\/tusgermania-bruchhausen.de\\\/?page_id=80#primaryimage\",\"url\":\"https:\\\/\\\/tusgermania-bruchhausen.de\\\/wp-content\\\/uploads\\\/2026\\\/02\\\/Tina_4-6JaehrigeKinderturnen-scaled.jpg\",\"contentUrl\":\"https:\\\/\\\/tusgermania-bruchhausen.de\\\/wp-content\\\/uploads\\\/2026\\\/02\\\/Tina_4-6JaehrigeKinderturnen-scaled.jpg\",\"width\":2560,\"height\":1440},{\"@type\":\"BreadcrumbList\",\"@id\":\"https:\\\/\\\/tusgermania-bruchhausen.de\\\/?page_id=80#breadcrumb\",\"itemListElement\":[{\"@type\":\"ListItem\",\"position\":1,\"name\":\"Startseite\",\"item\":\"https:\\\/\\\/tusgermania-bruchhausen.de\\\/\"},{\"@type\":\"ListItem\",\"position\":2,\"name\":\"Abteilungen\",\"item\":\"https:\\\/\\\/tusgermania-bruchhausen.de\\\/?page_id=2\"},{\"@type\":\"ListItem\",\"position\":3,\"name\":\"Freizeitsport Kinder\"}]},{\"@type\":\"WebSite\",\"@id\":\"https:\\\/\\\/tusgermania-bruchhausen.de\\\/#website\",\"url\":\"https:\\\/\\\/tusgermania-bruchhausen.de\\\/\",\"name\":\"TuS Germania Bruchhausen\",\"description\":\"\",\"publisher\":{\"@id\":\"https:\\\/\\\/tusgermania-bruchhausen.de\\\/#organization\"},\"potentialAction\":[{\"@type\":\"SearchAction\",\"target\":{\"@type\":\"EntryPoint\",\"urlTemplate\":\"https:\\\/\\\/tusgermania-bruchhausen.de\\\/?s={search_term_string}\"},\"query-input\":{\"@type\":\"PropertyValueSpecification\",\"valueRequired\":true,\"valueName\":\"search_term_string\"}}],\"inLanguage\":\"de\"},{\"@type\":\"Organization\",\"@id\":\"https:\\\/\\\/tusgermania-bruchhausen.de\\\/#organization\",\"name\":\"TuS Germania Bruchhausen\",\"url\":\"https:\\\/\\\/tusgermania-bruchhausen.de\\\/\",\"logo\":{\"@type\":\"ImageObject\",\"inLanguage\":\"de\",\"@id\":\"https:\\\/\\\/tusgermania-bruchhausen.de\\\/#\\\/schema\\\/logo\\\/image\\\/\",\"url\":\"https:\\\/\\\/tusgermania-bruchhausen.de\\\/wp-content\\\/uploads\\\/2016\\\/04\\\/cropped-tgb-logo.png\",\"contentUrl\":\"https:\\\/\\\/tusgermania-bruchhausen.de\\\/wp-content\\\/uploads\\\/2016\\\/04\\\/cropped-tgb-logo.png\",\"width\":106,\"height\":108,\"caption\":\"TuS Germania Bruchhausen\"},\"image\":{\"@id\":\"https:\\\/\\\/tusgermania-bruchhausen.de\\\/#\\\/schema\\\/logo\\\/image\\\/\"}}]}<\/script>\n<!-- \/ Yoast SEO plugin. -->","yoast_head_json":{"title":"Freizeitsport Kinder - TuS Germania Bruchhausen","robots":{"index":"index","follow":"follow","max-snippet":"max-snippet:-1","max-image-preview":"max-image-preview:large","max-video-preview":"max-video-preview:-1"},"canonical":"https:\/\/tusgermania-bruchhausen.de\/?page_id=80","og_locale":"de_DE","og_type":"article","og_title":"Freizeitsport Kinder - TuS Germania Bruchhausen","og_description":"Turn-Spiel-Gruppe Montags 16.30-17.30\u00dcbungsleiter: Marie Busch, Tina Wienand Eltern-Kind Turnen Durch Bewegungsanregungen soll die Entwicklung der Kleinen bereichert werden. Mit einer vertrauten Bezugsperson sind die Kinder schon fr\u00fch in der Lage,auch in einer zun\u00e4chst fremden Umgebung (Turnhalle und andere Teilnehmer), selbst Bewegungsaltivit\u00e4ten und Spielr\u00e4ume zu erforschen. Es geht nicht darum, bestimmte Bewegungsformen gezielt zu \u00fcben, sondern abwechlungsreiche Bewegungsgelegenheiten zu schaffen, in denen sie sich frei bewegen k\u00f6nnen. Zusatzinfos: Mittwochs 16-17UhrKind und das mitgehende Elternteil, muss im Sportverein angemeldet sein.Ab ca. 1...Weiterlesen Weiterlesen","og_url":"https:\/\/tusgermania-bruchhausen.de\/?page_id=80","og_site_name":"TuS Germania Bruchhausen","article_modified_time":"2026-02-22T13:50:59+00:00","og_image":[{"width":2560,"height":1440,"url":"https:\/\/tusgermania-bruchhausen.de\/wp-content\/uploads\/2026\/02\/Tina_4-6JaehrigeKinderturnen-scaled.jpg","type":"image\/jpeg"}],"twitter_card":"summary_large_image","twitter_misc":{"Gesch\u00e4tzte Lesezeit":"2\u00a0Minuten"},"schema":{"@context":"https:\/\/schema.org","@graph":[{"@type":"WebPage","@id":"https:\/\/tusgermania-bruchhausen.de\/?page_id=80","url":"https:\/\/tusgermania-bruchhausen.de\/?page_id=80","name":"Freizeitsport Kinder - TuS Germania Bruchhausen","isPartOf":{"@id":"https:\/\/tusgermania-bruchhausen.de\/#website"},"primaryImageOfPage":{"@id":"https:\/\/tusgermania-bruchhausen.de\/?page_id=80#primaryimage"},"image":{"@id":"https:\/\/tusgermania-bruchhausen.de\/?page_id=80#primaryimage"},"thumbnailUrl":"https:\/\/tusgermania-bruchhausen.de\/wp-content\/uploads\/2026\/02\/Tina_4-6JaehrigeKinderturnen-1024x576.jpg","datePublished":"2015-10-14T19:25:10+00:00","dateModified":"2026-02-22T13:50:59+00:00","breadcrumb":{"@id":"https:\/\/tusgermania-bruchhausen.de\/?page_id=80#breadcrumb"},"inLanguage":"de","potentialAction":[{"@type":"ReadAction","target":["https:\/\/tusgermania-bruchhausen.de\/?page_id=80"]}]},{"@type":"ImageObject","inLanguage":"de","@id":"https:\/\/tusgermania-bruchhausen.de\/?page_id=80#primaryimage","url":"https:\/\/tusgermania-bruchhausen.de\/wp-content\/uploads\/2026\/02\/Tina_4-6JaehrigeKinderturnen-scaled.jpg","contentUrl":"https:\/\/tusgermania-bruchhausen.de\/wp-content\/uploads\/2026\/02\/Tina_4-6JaehrigeKinderturnen-scaled.jpg","width":2560,"height":1440},{"@type":"BreadcrumbList","@id":"https:\/\/tusgermania-bruchhausen.de\/?page_id=80#breadcrumb","itemListElement":[{"@type":"ListItem","position":1,"name":"Startseite","item":"https:\/\/tusgermania-bruchhausen.de\/"},{"@type":"ListItem","position":2,"name":"Abteilungen","item":"https:\/\/tusgermania-bruchhausen.de\/?page_id=2"},{"@type":"ListItem","position":3,"name":"Freizeitsport Kinder"}]},{"@type":"WebSite","@id":"https:\/\/tusgermania-bruchhausen.de\/#website","url":"https:\/\/tusgermania-bruchhausen.de\/","name":"TuS Germania Bruchhausen","description":"","publisher":{"@id":"https:\/\/tusgermania-bruchhausen.de\/#organization"},"potentialAction":[{"@type":"SearchAction","target":{"@type":"EntryPoint","urlTemplate":"https:\/\/tusgermania-bruchhausen.de\/?s={search_term_string}"},"query-input":{"@type":"PropertyValueSpecification","valueRequired":true,"valueName":"search_term_string"}}],"inLanguage":"de"},{"@type":"Organization","@id":"https:\/\/tusgermania-bruchhausen.de\/#organization","name":"TuS Germania Bruchhausen","url":"https:\/\/tusgermania-bruchhausen.de\/","logo":{"@type":"ImageObject","inLanguage":"de","@id":"https:\/\/tusgermania-bruchhausen.de\/#\/schema\/logo\/image\/","url":"https:\/\/tusgermania-bruchhausen.de\/wp-content\/uploads\/2016\/04\/cropped-tgb-logo.png","contentUrl":"https:\/\/tusgermania-bruchhausen.de\/wp-content\/uploads\/2016\/04\/cropped-tgb-logo.png","width":106,"height":108,"caption":"TuS Germania Bruchhausen"},"image":{"@id":"https:\/\/tusgermania-bruchhausen.de\/#\/schema\/logo\/image\/"}}]}},"_links":{"self":[{"href":"https:\/\/tusgermania-bruchhausen.de\/index.php?rest_route=\/wp\/v2\/pages\/80","targetHints":{"allow":["GET"]}}],"collection":[{"href":"https:\/\/tusgermania-bruchhausen.de\/index.php?rest_route=\/wp\/v2\/pages"}],"about":[{"href":"https:\/\/tusgermania-bruchhausen.de\/index.php?rest_route=\/wp\/v2\/types\/page"}],"author":[{"embeddable":true,"href":"https:\/\/tusgermania-bruchhausen.de\/index.php?rest_route=\/wp\/v2\/users\/2"}],"replies":[{"embeddable":true,"href":"https:\/\/tusgermania-bruchhausen.de\/index.php?rest_route=%2Fwp%2Fv2%2Fcomments&post=80"}],"version-history":[{"count":6,"href":"https:\/\/tusgermania-bruchhausen.de\/index.php?rest_route=\/wp\/v2\/pages\/80\/revisions"}],"predecessor-version":[{"id":1398,"href":"https:\/\/tusgermania-bruchhausen.de\/index.php?rest_route=\/wp\/v2\/pages\/80\/revisions\/1398"}],"up":[{"embeddable":true,"href":"https:\/\/tusgermania-bruchhausen.de\/index.php?rest_route=\/wp\/v2\/pages\/2"}],"wp:attachment":[{"href":"https:\/\/tusgermania-bruchhausen.de\/index.php?rest_route=%2Fwp%2Fv2%2Fmedia&parent=80"}],"curies":[{"name":"wp","href":"https:\/\/api.w.org\/{rel}","templated":true}]}}